 = a*b + b - d. What are the prime factors of b?
2, 7
Let c = 27 - 18. Suppose -291 - 843 = -c*q. What are the prime factors of q + -7 + -1 + 4?
2, 61
Let f = -84 + 146. Suppose -7*k + f = 13. Let v(r) = 10*r + 6. List the prime factors of v(k).
2, 19
Let m(f) = 28*f**2 - 2*f + 16. Let g = 531 - 525. List the prime factors of m(g).
2, 11, 23
What are the prime factors of (-142)/355 + 32886/15?
2, 137
Let u(t) be the first derivative of t**3 - 19*t**2 - 9*t - 11. What are the prime factors of u(-7)?
2, 101
Let o(q) = 2*q**2 - 14*q + 5. Let l(r) = 2*r**2 - 79*r - 107. Let u be l(41). List the prime factors of o(u).
293
Suppose 0*u - 2*u = 5*n - 15, 3*n - 9 = 5*u. Suppose 0 = 4*h + 8, u = z - 4*h - 117 - 45. Let b = 243 - z. List the prime factors of b.
89
Let n(l) = 153*l**3 - 5*l**2 + 13*l - 20. What are the prime factors of n(4)?
2, 3, 7, 29
Let u be 1628/66 + 1/3. Suppose -2*f - 2*f + 4*m + 40 = 0, -m - u = -4*f. Suppose -y = f*n - 2*y - 588, n = y + 116. What are the prime factors of n?
2, 59
Let k(l) = -874*l - 7. Let d be k(-4). Let r be 4/(-24) + d/(-18). Let x = -97 - r. What are the prime factors of x?
97
Let d be (10 + -213)*(-2)/(-4)*-2. Let r be (-2)/(-2) + -1 + -83. Let q = d + r. List the prime factors of q.
2, 3, 5
Suppose 231 = 5*u - 129. Suppose 0 = -3*p + 4 - 1. List the prime factors of 12/(-4)*p + u.
3, 23
Let w(c) = 2*c**3 - 28*c**2 + 5. Let n be w(14). Suppose -n*x + 1010 = -1885. Suppose 11*k = x + 59. What are the prime factors of k?
2, 29
Let k(x) = -110 + 52 + 56 + 4*x**3 - 7*x**2 + 7*x. List the prime factors of k(5).
2, 179
Let i(q) = -43022*q**3 - 12*q**2 - 17*q - 5. What are the prime factors of i(-1)?
2, 7, 439
Suppose p - 8 = 0, 7*s - 222860 = -14*p + 13*p. What are the prime factors of s?
2, 3, 7, 379
Let i = 2 - -69. Suppose 37*d - 7 = -3*z + 35*d, -4*z + 7 = 5*d. Let x = i + z. List the prime factors of x.
2, 37
Let z(r) = -r**3 - 4*r**2 + 5*r + 4. Let b be -3*1 - (-17 - -14). Suppose -4*g + 8 - 28 = b. List the prime factors of z(g).
2
Let z(j) = -j**3 + 75*j**2 + 13*j - 1372. List the prime factors of z(65).
11, 3793
Let o = 53 - 48. Suppose o*x + 4*k = 1040, -3*k = 4*x + k - 828. List the prime factors of x.
2, 53
Let p(l) = 9*l**3 - 6*l**2 - 3*l - 14. Let j be p(6). Suppose 2*u + 4*c = 5*u - 2516, 2*u + 2*c - j = 0. List the prime factors of u.
2, 211
Let h(p) = p**2 - 20*p + 43. Let k be h(18). Suppose 0 = -k*x + 16*x - 4248. List the prime factors of x.
2, 59
What are the prime factors of (-7*3/5 - -5) + 709982/35?
2, 3, 7, 23
Suppose 3*r = 3*a - 5*a + 38, -5*a = -5*r + 80. What are the prime factors of -3068*15/(-42) - (-4)/r?
2, 137
Let j = -39 + 85. Let u = j + -43. Suppose u*y = y + 26. List the prime factors of y.
13
Let x(p) = 619*p - 120. What are the prime factors of x(11)?
6689
Let r(w) = 2923*w**3 + 26*w**2 + 5*w - 7. What are the prime factors of r(2)?
13, 139
Let n = -109 - -112. Suppose 0 = -5*y + 2*y + 2*z + 64, 3*z = n. List the prime factors of y.
2, 11
Suppose 0 = 5*v - 20, 4829 + 10011 = 2*r - 2*v. List the prime factors of r.
2, 29
Let l(u) = -229*u - 12. Let m(k) = k + 2. Let b be m(-3). List the prime factors of l(b).
7, 31
Let g = 798 + 1151. What are the prime factors of g?
1949
Let u = 93 - 93. Suppose l + 7 = 3*c, u = -0*l - 2*l - 5*c + 19. Suppose 5*j + 249 + 956 = 5*v, -4*v + 964 = l*j. What are the prime factors of v?
241
Let s be (-42878)/(-286) - 2/(-26). Let b = 252 + s. What are the prime factors of b?
2, 3, 67
Suppose -205 - 521 = 11*j. Let r = -64 - j. What are the prime factors of 7959/(-476)*-4 + r/17?
67
Let d = -10635 - -15488. What are the prime factors of d?
23, 211
Suppose -15*k = -0*k - 30240. Suppose -944*g + 950*g = k. List the prime factors of g.
2, 3, 7
Let y = 14080 - 6796. What are the prime factors of y?
2, 3, 607
Let h(u) = 3*u**2 + 22*u - 1. Let k be h(-5). Suppose -w = -4*v + 243, 0 = 5*v + w + 2*w - 308. Let n = v + k. What are the prime factors of n?
5
Suppose -4*i = 3*j - 59434, 3*j + i - 34875 - 24574 = 0. List the prime factors of j.
2, 3, 367
List the prime factors of (9572/(-10))/((-21)/1365).
2, 13, 2393
Let l(m) = 4*m**3 - 9*m**2 + 4*m + 10. Let k be l(-2). List the prime factors of 8/6*(-12969)/k.
2, 131
Let n be 1146/(-18)*2*-9. Suppose 9*h = 1428 + n. List the prime factors of h.
2, 11, 13
What are the prime factors of -1 - (1/6 - (5 - 6309520/(-96)))?
2, 13, 79
Let n(b) = 4*b**3 + 14*b**2 + 5*b + 2. Let c be n(-3). List the prime factors of (16/(-20)*1)/(c/(-450)).
2, 3
Let i(r) = 47*r**2 - 263*r - 233. What are the prime factors of i(19)?
11, 97
Let t(i) = -15*i**3 - 2*i**2 - 4. Let q be t(-2). Suppose 4*h + q = -0*o + 5*o, 0 = 3*h + 6. What are the prime factors of 4*(0 + 495/o)?
3, 11
Suppose -16 = 4*c, -4*z - c + 32 = 4. Suppose 765 = 2*m - 3*v, 1554 = 12*m - z*m + 2*v. List the prime factors of m.
3, 43
Suppose 2896*f - 31458 = 2889*f. What are the prime factors of f?
2, 3, 7, 107
Suppose -9*d - 615 + 975 = 0. Suppose 0 = 2*b + 39*a - d*a - 157, 0 = -b - 2*a + 86. What are the prime factors of b?
2, 5
Suppose 0 = -2*m - 2*d + 4, -m + 0*d + 5*d = 28. Let b be ((-1)/m)/(6/90). Suppose -f + 66 = -b*l, -3*f - l - 49 = -311. List the prime factors of f.
2, 43
Let l = 22 + -38. Let m = l - -18. Suppose m*d = 23 + 73. List the prime factors of d.
2, 3
Let t(l) = 44*l + 130. Let w be t(-3). Let v(u) = u + 5. Let o be v(0). What are the prime factors of (3 - o)/(w/26)?
2, 13
Let u be (1660/2 + -3)*(1 + 0). Let f = -488 + u. What are the prime factors of f?
3, 113
Suppose 0 = -29*j + 18*j + 99. Suppose 12 = -j*d + 12*d, 1660 = 4*s - 3*d. What are the prime factors of s?
2, 11, 19
Suppose s = -0*s - 5*g - 29, 4*g + 12 = 2*s. Let b(p) = -7*p**3 - 2*p**2 - p + 1. What are the prime factors of b(s)?
421
Let a = -1155 - -1161. Suppose 60 = h - 549. List the prime factors of h/a - 2/4.
101
Let b be (-41)/(-533) - (-4215)/(-39). Let k = b + 897. What are the prime factors of k?
3, 263
Suppose 0 = -2*a - 5*w - 10, -2*a + 5*w + 4 = -6. Suppose -15*j - 76 + 1711 = a. List the prime factors of j.
109
Let i be (1 + -7)*(-1273 - 67). Suppose 15*y = 5*y + i. What are the prime factors of y?
2, 3, 67
Suppose -6*h = -11*h + 30, 4*v - h - 46530 = 0. What are the prime factors of v?
2, 3, 7, 277
Suppose 3*t - 1332 = -24*a + 25*a, -2216 = -5*t + 3*a. Let h = 845 - t. What are the prime factors of h?
2, 5
Let v = 72 + -79. List the prime factors of (v - -17)*(783/6)/3.
3, 5, 29
Let u = 370 + -366. Suppose 5*b = u*g - 98, 0 = -3*g + b + 7 + 61. List the prime factors of g.
2, 11
Let j(k) = -k**3 - 6*k**2 - 7*k + 2. Let a be j(-4). What are the prime factors of (-203)/a - (9 - (-57)/(-6))?
2, 3, 17
Let v(c) = -11*c - 22. Let z be -4 + 5 + -3 + -1. Let g be v(z). Let l(q) = 10*q - 46. List the prime factors of l(g).
2
Suppose -4*t + 4*q - 10 = 6, q = -2*t - 2. Let f be 12 - t/1*(-5 - -3). Suppose -3*i = -2*v - 433, i - f*v = -3*v + 140. List the prime factors of i.
5, 29
Let r(z) be the third derivative of -215*z**4/24 - 41*z**3/6 - 3*z**2 + 10*z. What are the prime factors of r(-6)?
1249
Let r(a) = -4*a**3 + 29*a**2 + 27*a - 91. Let q(u) = -u**3 + u**2. Let o(g) = -5*q(g) + r(g). List the prime factors of o(-21).
5, 7, 19
Let v be 17 + -15 - 3/(-3). Suppose -2*u - 1 = -3*u, 4*u - 619 = -v*k. List the prime factors of k.
5, 41
Let d(g) = 237*g**2 - 1. Let r be 3 + 16/8 + -6. What are the prime factors of d(r)?
2, 59
Let k = 12648 - 5528. List the prime factors of k.
2, 5, 89
Suppose -47*l + 33*l = -20860. Suppose -17*i - l + 6896 = 0. List the prime factors of i.
2, 3, 53
Let d be ((-6)/(-9))/((-4)/(-12)). Suppose 4*q - d*u - 2*u + 36 = 0, u = 2*q + 22. Let v(l) = l**3 + 13*l**2 - 7*l + 34. What are the prime factors of v(q)?
5
Let k be (-2)/6 + 65455/57. Let v = 1747 - k. List the prime factors of v.
599
Let r be (32/10)/((-6)/(-15)). Suppose 2*o + 9 = m, 5*m = -3*o - 2 + r. Suppose g - 3*h = 160, -m*h - 118 + 456 = 2*g. What are the prime factors of g?
2, 83
Let m = -14547 - -19124. What are the prime factors of m?
23, 199
Let s(l) = -l**3 - 4*l**2 - 3*l + 8. Let j be s(-4). Let n = j + -12. List the prime factors of (36/n)/3*66.
3, 11
Let y be -8*2/4 + 4. Suppose 32*r + 9828 - 29508 = y. What are the prime factors of r?
3, 5, 41
Suppose p = 3*s + 26386, 39616 +